se 7, what is -5054513 - -4?
-5054506
In base 5, what is 3131304240 - -1?
3131304241
In base 10, what is -3334 - 12134?
-15468
In base 9, what is -21 + 2884286?
2884265
In base 9, what is 13817176 - 3?
13817173
In base 14, what is -8d5 - 2823?
-3318
In base 10, what is 39473097 + -3?
39473094
In base 4, what is -3002212 - -113301?
-2222311
In base 7, what is 4223643 + -3?
4223640
In base 13, what is 16636b + -b?
166360
In base 15, what is 25ce7 + 26?
25d1d
In base 5, what is -12444100 + -430?
-13000030
In base 5, what is 10 + -11000240133?
-11000240123
In base 16, what is 5 - -1605239?
160523e
In base 2, what is 10000011100011001 + 101000100?
10000100001011101
In base 11, what is 2 + -2910855?
-2910853
In base 6, what is -40402544 + 13?
-40402531
In base 5, what is 3113 + 2000013?
2003131
In base 7, what is -111344 - 143022?
-254366
In base 7, what is -23352621 - 3?
-23352624
In base 9, what is -25 + -186887?
-187023
In base 11, what is -27729222 + -7?
-27729229
In base 15, what is -193 + -80b9?
-825c
In base 10, what is 457 - 3488879?
-3488422
In base 3, what is 1122211201 + -1202?
1122202222
In base 4, what is -20203212121 - 103?
-20203212230
In base 9, what is -12 - -5130530?
5130517
In base 14, what is 1 - 4cc647?
-4cc646
In base 5, what is 1303140 - 133302?
1114333
In base 6, what is 111255215 - -2?
111255221
In base 10, what is -124844 - 830?
-125674
In base 6, what is 10351 - -141452?
152243
In base 4, what is 110 + -2302011001?
-2302010231
In base 12, what is b - 2a4124?
-2a4115
In base 12, what is a - 538b76?
-538b68
In base 10, what is 2438 - -107916?
110354
In base 8, what is 10560 + -73?
10465
In base 16, what is 1c7454b - 3?
1c74548
In base 9, what is 5 - 353321851?
-353321845
In base 15, what is -c4 + 21505?
21431
In base 13, what is -10 - 5c46296?
-5c462a6
In base 2, what is 10001110001110011001 + 10100?
10001110001110101101
In base 16, what is -32e + 37629?
372fb
In base 5, what is 1 + 10240230112?
10240230113
In base 4, what is 2211 + -3113131101?
-3113122230
In base 13, what is -b8cb7 - 11b?
-b9105
In base 11, what is 105 + 147a34?
148039
In base 10, what is -266608 - -3?
-266605
In base 5, what is 0 - 3132120041?
-3132120041
In base 9, what is 4 - 12283477?
-12283473
In base 9, what is 1 - 88643343?
-88643342
In base 10, what is -22 - -5094926?
5094904
In base 16, what is 4525a7 - -12?
4525b9
In base 12, what is -2525b - 9214?
-32473
In base 5, what is -10212344 + 3230?
-10204114
In base 13, what is -131 + -51732?
-51863
In base 12, what is -9b42 + -1a?
-9b60
In base 14, what is 21 + b8939?
b895a
In base 12, what is 1705148 - 0?
1705148
In base 5, what is 0 - -3211204130?
3211204130
In base 7, what is 24150046 - 1032?
24146014
In base 4, what is 111022033202 - 1333?
111022031203
In base 9, what is -12375284 + 8?
-12375275
In base 11, what is 1 - 390464?
-390463
In base 11, what is 199932 + 99?
199a20
In base 14, what is 12171d55 - -4?
12171d59
In base 10, what is 1425 + -2820?
-1395
In base 6, what is -45235515 + -21?
-45235540
In base 9, what is 218362 + 853?
220325
In base 7, what is 654654202 - -4?
654654206
In base 4, what is 0 + -1033223122100?
-1033223122100
In base 9, what is 410103 - 128?
408864
In base 15, what is 1980 + 1675d?
181dd
In base 4, what is -113323101120 + 120?
-113323101000
In base 14, what is d25a4 - 3?
d25a1
In base 2, what is 1001 - 100101111111100110011?
-100101111111100101010
In base 4, what is -11 - 301032301103?
-301032301120
In base 3, what is 11 - -12020001001?
12020001012
In base 9, what is 33840 + 84275?
128225
In base 9, what is -84734057 - -10?
-84734047
In base 4, what is -102 - 130222102300?
-130222103002
In base 14, what is 2654d + 1c?
2656b
In base 4, what is 2300 - -10132111?
10201011
In base 12, what is -3487a97 - 50?
-3487b27
In base 2, what is 1010011110100001001010110111 - 11?
1010011110100001001010110100
In base 7, what is -2 + -45265063?
-45265065
In base 2, what is 100 - -11010000111110101110101011?
11010000111110101110101111
In base 15, what is 49c1a6 + 5?
49c1ab
In base 11, what is 2167609 + -6?
2167603
In base 14, what is 86a8783 + 3?
86a8786
In base 10, what is -98274 + -37?
-98311
In base 14, what is 5c4205 + -3?
5c4202
In base 5, what is -40 + -2332320211?
-2332320301
In base 6, what is -1154 - 201113532?
-201115130
In base 5, what is 22 - 3013131?
-3013104
In base 13, what is -3ab718 + 14?
-3ab704
In base 14, what is 1 - -11b381?
11b382
In base 10, what is 4432 + 25735?
30167
In base 4, what is 1210 + 1230213012?
1230220222
In base 7, what is 226 - -23543615?
23544144
In base 11, what is -5 + -6644832a?
-66448334
In base 10, what is 72843875 - -5?
72843880
In base 15, what is -26ae8b + -3?
-26ae8e
In base 9, what is 8712724 + 8?
8712733
In base 2, what is 101100011100 - 101100101011?
-1111
In base 4, what is 31001113133 + 1?
31001113200
In base 8, what is 201 - -73445?
73646
In base 2, what is -1110000101110010000001000010 + -1?
-1110000101110010000001000011
In base 13, what is -5 + -2cb02?
-2cb07
In base 16, what is ab4 - 7e12?
-735e
In base 7, what is 13132513346 + 5?
13132513354
In base 8, what is 11 + 15735741?
15735752
In base 11, what is -400 - 5a53?
-6353
In base 12, what is ba1a69 + -3?
ba1a66
In base 5, what is -10 + -14211311131?
-14211311141
In base 13, what is b5c516b - 6?
b5c5165
In base 16, what is -4c7 + -324e?
-3715
In base 16, what is -1683ff + -5?
-168404
In base 5, what is 21444 - -112102?
134101
In base 8, what is -1 - 572774?
-572775
In base 4, what is 1023 + -33302013112?
-33302012023
In base 11, what is -22 - 817a91?
-818003
In base 11, what is 153625 + 436?
153a60
In base 16, what is 1 + -e650be?
-e650bd
In base 5, what is -11033032 - 2100?
-11040132
In base 14, what is 83 - 282217?
-282174
In base 12, what is 31 + 9885446?
9885477
In base 15, what is 294ccc78 - 0?
294ccc78
In base 10, what is -54887 + -693?
-55580
In base 3, what is 12110020101 + -20212?
12102222112
In base 7, what is 21135005 + -21?
21134654
In base 8, what is -12342 + -4513?
-17055
In base 12, what is 7 - 272bb524?
-272bb519
In base 2, what is -1001101110101011001101000100 - 1?
-1001101110101011001101000101
In base 6, what is -5 - -503555433?
503555424
In base 14, what is -bd74 + -678?
-c60c
In base 13, what is -79 - -2b446?
2b39a
In base 14, what is -8a5b2c4 + -1?
-8a5b2c5
In base 15, what is 99916bb - -1?
99916bc
In base 9, what is 557887 - -152?
558150
In base 15, what is -253483 - -6?
-25347c
In base 4, what is 302012001200 + -300?
302012000300
In base 7, what is -164561 + 10565?
-153663
In base 2, what is -1100000 + 110111010111111?
110111001011111
In base 12, what is 452381 + 1b8?
452579
In base 3, what is 2121120 + -2102200?
11220
In base 6, what is -3 - -11421221500?
11421221453
In base 15, what is 4a88d0 + 18?
4a88e8
In base 5, what is 400410023320 - -10?
400410023330
In base 9, what is -8 - 3374575?
-3374584
In base 12, what is 4b + 229b3b8?
229b447
In base 10, what is -168 - -35631?
35463
In base 8, what is -7167623 - 4?
-7167627
In base 11, what is -11 - -a708098?
a708087
In base 3, what is 220 - -110002212?
110010202
In base 15, what is 1 + -7abee13?
-7abee12
In base 2, what is -110001010011100 - 100010001111?
-110101100101011
In base 11, what is -5 - -4093995?
4093990
In base 16, what is -9 - -82671e?
826715
In base 2, what is 111000101101 + -10001111100010?
-1010110110101
In base 9, what is -2713081 - 25?
-2713116
In base 10, what is -4534 - 13316?
-17850
In base 16, what is 2 + 3afd482?
3afd484
In base 12, what is b7bb4b - -3?
b7bb52
In base 3, what is 20012002111212101 - -12?
20012002111212120
In base 4, what is -202200 + 2003320?
1201120
In base 12, what is 2144311 + 4?
2144315
In base 14, what is 428d7 - -120?
42a17
In base 10, what is 3 - -33292114?
33292117
In base 5, what is -1344413 - 141332?
-2041300
In base 6, what is 12014 - -5230?
21244
In base 7, what is -12101462 + 42?
-12101420
In base 9, what is 8 + 11823244?
11823253
In base 5, what is 3330 + 303344?
312224
In base 3, what is 21 - 11200110011?
-11200102220
In base 16, what is 66 - 5fbfb?
-5fb95
In base 14, what is -30 + 4c31ab?
4c317b
In base 16, what is -348 - 3e872?
-3ebba
In base 16, what is 15129 - -39?
15162
In base 9, what is 27 - 62411?
-62373
In base 4, what is 210 - -13031300312?
130